 of 150059749?
9
What is the hundred thousands digit of 8692770750?
7
What is the ten millions digit of 129293965?
2
What is the ten thousands digit of 84668793?
6
What is the tens digit of 15112604?
0
What is the millions digit of 204887969?
4
What is the ten millions digit of 59884639?
5
What is the tens digit of 4991037790?
9
What is the thousands digit of 2687591585?
1
What is the units digit of 60460126?
6
What is the billions digit of 2541126402?
2
What is the thousands digit of 353832036?
2
What is the millions digit of 100792970?
0
What is the hundred thousands digit of 719731189?
7
What is the thousands digit of 3248089333?
9
What is the units digit of 2599386228?
8
What is the tens digit of 1071072?
7
What is the ten millions digit of 516189710?
1
What is the tens digit of 1069107741?
4
What is the tens digit of 93643524?
2
What is the hundred millions digit of 734172458?
7
What is the hundred thousands digit of 212834548?
8
What is the ten millions digit of 463586326?
6
What is the hundred thousands digit of 348171873?
1
What is the hundred thousands digit of 210545196?
5
What is the thousands digit of 36881136?
1
What is the hundred thousands digit of 242415126?
4
What is the ten thousands digit of 860681772?
8
What is the hundred millions digit of 812821363?
8
What is the ten thousands digit of 31636808?
3
What is the units digit of 38547502?
2
What is the millions digit of 1823544466?
3
What is the ten thousands digit of 798143884?
4
What is the tens digit of 21736208?
0
What is the hundred thousands digit of 933556251?
5
What is the millions digit of 22610945?
2
What is the ten thousands digit of 614044141?
4
What is the hundred thousands digit of 1849273369?
2
What is the units digit of 22787821?
1
What is the hundreds digit of 587035154?
1
What is the ten thousands digit of 388839763?
3
What is the tens digit of 447084077?
7
What is the ten thousands digit of 1190709387?
0
What is the ten millions digit of 705999939?
0
What is the hundred millions digit of 965480435?
9
What is the units digit of 114588849?
9
What is the billions digit of 4611658090?
4
What is the hundred thousands digit of 1561637700?
6
What is the ten millions digit of 2315670044?
1
What is the hundred thousands digit of 2189214918?
2
What is the thousands digit of 40665563?
5
What is the hundred thousands digit of 47289598?
2
What is the ten millions digit of 1257171205?
5
What is the thousands digit of 764564495?
4
What is the units digit of 90960461?
1
What is the units digit of 4626185733?
3
What is the hundreds digit of 2774648585?
5
What is the millions digit of 1024876526?
4
What is the ten millions digit of 29734715?
2
What is the ten millions digit of 46251327?
4
What is the ten millions digit of 280919845?
8
What is the ten thousands digit of 70511521?
1
What is the units digit of 86845016?
6
What is the tens digit of 110625520?
2
What is the hundred millions digit of 153965389?
1
What is the hundred thousands digit of 184127690?
1
What is the tens digit of 1543350913?
1
What is the hundred thousands digit of 98770152?
7
What is the hundred thousands digit of 365666684?
6
What is the ten millions digit of 10947911?
1
What is the hundreds digit of 17527571?
5
What is the hundreds digit of 5001563179?
1
What is the ten millions digit of 198601636?
9
What is the hundreds digit of 3446844877?
8
What is the ten millions digit of 818876045?
1
What is the hundred millions digit of 1595187026?
5
What is the hundreds digit of 1863448?
4
What is the millions digit of 11195644?
1
What is the units digit of 192368684?
4
What is the hundreds digit of 1081064581?
5
What is the thousands digit of 2212275697?
5
What is the units digit of 190039858?
8
What is the ten thousands digit of 123364151?
6
What is the tens digit of 691532168?
6
What is the hundred thousands digit of 320244828?
2
What is the ten millions digit of 3069866588?
6
What is the hundreds digit of 2130891333?
3
What is the ten millions digit of 119887027?
1
What is the units digit of 1323079356?
6
What is the thousands digit of 244817036?
7
What is the ten thousands digit of 32395899?
9
What is the ten millions digit of 79730037?
7
What is the thousands digit of 1828267993?
7
What is the millions digit of 1137809097?
7
What is the ten thousands digit of 19865054?
6
What is the ten thousands digit of 893263468?
6
What is the thousands digit of 1544282724?
2
What is the ten thousands digit of 69433514?
3
What is the hundred millions digit of 1190210215?
1
What is the ten thousands digit of 75557183?
5
What is the ten millions digit of 134389470?
3
What is the ten millions digit of 16608937?
1
What is the hundreds digit of 12340882?
8
What is the units digit of 48101038?
8
What is the hundred millions digit of 341346911?
3
What is the tens digit of 235990488?
8
What is the hundreds digit of 15670641?
6
What is the units digit of 203850036?
6
What is the ten millions digit of 593123944?
9
What is the tens digit of 37722847?
4
What is the millions digit of 95610909?
5
What is the hundred thousands digit of 120937572?
9
What is the millions digit of 4151406890?
1
What is the units digit of 90464914?
4
What is the hundred thousands digit of 1748737552?
7
What is the thousands digit of 31882937?
2
What is the millions digit of 202312982?
2
What is the ten millions digit of 406276289?
0
What is the millions digit of 6783210541?
3
What is the millions digit of 29600120?
9
What is the ten thousands digit of 189811600?
1
What is the hundred thousands digit of 33226247?
2
What is the units digit of 237135086?
6
What is the hundred thousands digit of 197116729?
1
What is the hundred thousands digit of 3727030525?
0
What is the thousands digit of 298381222?
1
What is the millions digit of 104951397?
4
What is the hundred thousands digit of 541992475?
9
What is the tens digit of 360733256?
5
What is the hundreds digit of 138383573?
5
What is the hundred millions digit of 1605103296?
6
What is the tens digit of 577755861?
6
What is the billions digit of 1170884989?
1
What is the ten millions digit of 1843771806?
4
What is the ten thousands digit of 302879726?
7
What is the ten millions digit of 369382074?
6
What is the billions digit of 1960240815?
1
What is the units digit of 1261197026?
6
What is the units digit of 817573175?
5
What is the units digit of 68713373?
3
What is the tens digit of 140917740?
4
What is the hundred millions digit of 1149112114?
1
What is the hundreds digit of 1459475850?
8
What is the hundred thousands digit of 263809020?
8
What is the ten millions digit of 155520476?
5
What is the units digit of 33099268?
8
What is the hundred millions digit of 6566578252?
5
What is the units digit of 91331264?
4
What is the hundreds digit of 3921711079?
0
What is the hundred thousands digit of 216036499?
0
What is the millions digit of 347199293?
7
What is the units digit of 584155846?
6
What is the hundred thousands digit of 434984365?
9
What is the hundred thousands digit of 37001964?
0
What is the units digit of 63931240?
0
What is the hundreds digit of 2542442390?
3
What is the tens digit of 22832478?
7
What is the units digit of 723928278?
8
What is the thousands digit of 615593653?
3
What is the ten millions digit of 127051755?
2
What is the ten millions digit of 70632389?
7
What is the ten millions digit of 318198711?
1
What is the hundred millions digit of 531374105?
5
What is the ten thousands digit of 535294136?
9
What is the ten thousands digit of 2609069763?
6
What is the tens digit of 1376780645?
4
What is the ten millions digit of 115879285?
1
What is the millions digit of 905729973?
5
What is the millions digit of 65073469?
5
What is the millions digit of 1581716057?
1
What is the thousands digit of 5675907602?
7
What is the ten thousands digit of 22815111?
1
What is the ten thousands digit of 25127552?
2
What is the hundreds digit of 54283096?
0
What is the hundreds digit of 1747620780?
7
What is the ten thousands digit of 222179870?
7
What is the thousands digit of 47822959?
2
What is the units digit of 417886288?
8
What is the units digit of 46858521?
1
What is the tens digit of 3472114456?
5
What is the hundred thousands digit of 282575150?
5
What is the ten millions digit of 234